1
Let v(t) = 6*t + 9. Give v(7).
51
Let l(o) = -o**3 - 14*o**2 - 10*o + 30. What is l(-13)?
-9
Let b(o) = o**2 - 6*o + 4. Give b(3).
-5
Let d(z) = -z - 6. Give d(-20).
14
Let t(c) = c**2 + 5*c - 6. Determine t(-7).
8
Let h(j) = -j**2 + 5*j - 2. Determine h(9).
-38
Let k(q) = -q + 61. Give k(6).
55
Let i(m) = -m**2 + 8*m - 11. Calculate i(8).
-11
Let t(v) = v**3 + 6*v**2 + 7*v + 5. Calculate t(-5).
-5
Let k(p) = 3*p**2 - 22*p + 8. What is k(7)?
1
Let z(o) = 2*o**2 - 17*o + 19. Determine z(8).
11
Let k(b) = b**2 + 2*b + 31. What is k(0)?
31
Let b(l) = -12*l - 2. Determine b(-5).
58
Let k(y) = -6*y - 8. Calculate k(-11).
58
Let h(t) = -6*t - 6. Calculate h(8).
-54
Let k(l) = l**2 - 6*l - 9. What is k(8)?
7
Let d(t) = -t**3 - 4*t**2 - 2*t - 8. What is d(-4)?
0
Let v(i) = -i**3 - i**2 + 8*i + 8. Calculate v(-4).
24
Let v(h) = 13*h + 1. Give v(-1).
-12
Let i(q) = 2*q - 19. Calculate i(7).
-5
Let j(i) = 2*i**3 - 24*i**2 - 31*i + 8. Determine j(13).
-57
Let x(m) = -16*m**2 - 2*m - 1. Give x(-1).
-15
Let p(i) = -i**2 + 2*i + 2. Give p(7).
-33
Let u(g) = -28*g**2 - 1. Calculate u(-1).
-29
Let u(a) = 26*a**2 + 2*a - 1. Calculate u(1).
27
Let o(x) = -3*x**2 - 5*x + 5. Calculate o(2).
-17
Let o(s) = -3*s + 1. Give o(2).
-5
Let z(b) = -2*b**2 + 5*b + 18. What is z(6)?
-24
Let q(l) = -7*l**3 + l**2 - 5*l + 4. Determine q(3).
-191
Let m(k) = 6*k + 5. What is m(-2)?
-7
Let r(i) = i**3 + 17*i**2 - 16*i + 32. Calculate r(-18).
-4
Let z(q) = -q**3 - 10*q**2 + 12*q + 6. Determine z(-12).
150
Let s(f) = f**3 - 12*f**2 - 13*f + 1. What is s(13)?
1
Let b(n) = 10*n**2 + 3*n. Give b(2).
46
Let y(r) = 2*r + 18. Calculate y(-9).
0
Let p(o) = -o + 3. What is p(1)?
2
Let a(f) = -f**3 - 16*f**2 - 14*f - 235. Give a(-16).
-11
Let r(m) = -m**2 + 7*m + 10. What is r(9)?
-8
Let l(v) = -9*v - 1. What is l(-2)?
17
Let r(z) = z. What is r(-1)?
-1
Let f(k) = 2*k**2 - 1. What is f(2)?
7
Let l(t) = t**3 - 8*t**2 - 6*t + 36. Determine l(8).
-12
Let b(h) = 10*h**2 - 7*h - 14. Give b(5).
201
Let r(g) = -g**3 + 15*g**2 - 8*g - 90. Calculate r(14).
-6
Let q(m) = -m**3 + 10*m**2 - 6*m - 25. Give q(8).
55
Let x(s) = s**3 + 8*s**2 + 12*s + 1. Determine x(-5).
16
Let t(b) = b**2 - 66*b + 191. Calculate t(3).
2
Let j(p) = -2*p**3 + 2*p**2 + 8*p - 10. Give j(4).
-74
Let v(m) = m**3 + 6*m**2 - 8*m - 9. Calculate v(-7).
-2
Let x(a) = -a**3 + 24*a**2 + 26*a - 53. What is x(25)?
-28
Let x(y) = 4*y**2 - 4*y + 5. Give x(3).
29
Let d(q) = -2*q**2 + 3*q + 2. What is d(-3)?
-25
Let u(r) = 176*r**2 - 10*r - 10. Calculate u(-1).
176
Let l(w) = -w**3 - w**2 - w + 68. Determine l(0).
68
Let q(z) = -z**2 + 11*z - 22. Calculate q(7).
6
Let p(u) = -u**2 + 2*u + 2. Calculate p(-2).
-6
Let u(n) = 7*n**2 + 2*n + 1. What is u(-3)?
58
Let t(k) = -14*k**3 + 5*k**2 + k - 2. Determine t(-1).
16
Let i(z) = z**3 + 5*z**2 + 3*z + 3. What is i(-5)?
-12
Let v(f) = -4*f - 178. Determine v(-38).
-26
Let i(d) = -d**3 + 8*d**2 - 6*d + 9. Give i(6).
45
Let f(h) = h**3 - 6*h**2 + 3*h + 3. Determine f(6).
21
Let x(z) = -z**2 + 21. Calculate x(4).
5
Let m(h) = -h**3 + 17*h**2 + 17*h + 13. Calculate m(18).
-5
Let h(f) = f**3 - 7*f**2 - 5*f - 9. What is h(8)?
15
Let l(g) = g**3 - 5*g**2 - g - 6. What is l(5)?
-11
Let j(l) = l**3 - 5*l**2 - 16*l + 20. Calculate j(7).
6
Let b(m) = 9*m**2 - 73*m - 1. Determine b(8).
-9
Let g(c) = -2*c**3 - 26*c**2 + c + 23. What is g(-13)?
10
Let i(z) = -z**2 - 13*z - 21. Calculate i(-9).
15
Let a(d) = -18*d + 271. What is a(16)?
-17
Let h(i) = i**3 - 9*i**2 - 11*i + 8. Calculate h(10).
-2
Let t(u) = u**2 + 47*u - 441. Give t(-55).
-1
Let f(o) = o**2 + o - 33. Determine f(0).
-33
Let m(i) = -i**2 - 6*i + 8. What is m(-8)?
-8
Let z(n) = 11*n + 3. What is z(-2)?
-19
Let w(y) = -2*y**3 - 25*y**2 - 12*y + 13. Calculate w(-12).
13
Let c(s) = 3*s**3 - 8*s**2 + 8*s + 1. Give c(2).
9
Let y(t) = t + 27. Give y(-17).
10
Let s(d) = -12*d - 175. Calculate s(-15).
5
Let a(c) = -c**2 - 3*c + 3. What is a(-6)?
-15
Let n(u) = u**3 - 15*u**2 + 18*u + 3. Calculate n(14).
59
Let q(h) = -h**3 + 5*h**2 + 2*h - 5. Give q(5).
5
Let a(j) = 61*j**3 + 2*j**2 + 3*j + 2. Determine a(-1).
-60
Let x(v) = -v**2 + 5*v + 20. Determine x(9).
-16
Let o(p) = -3*p - 1. Give o(1).
-4
Let u(o) = o**2 - 16*o - 29. Give u(20).
51
Let x(o) = 52*o + 771. Determine x(-15).
-9
Let n(s) = -s + 4. What is n(-10)?
14
Let u(y) = -y**3 - 7*y**2 + 9*y - 3. Give u(-8).
-11
Let g(c) = -c**2 - 12*c - 2. Give g(-12).
-2
Let t(x) = x**2 + 12*x - 18. Give t(-14).
10
Let z(u) = -108*u + 321. Give z(3).
-3
Let j(x) = -x**3 + 8*x**2 + 65*x + 8. Give j(13).
8
Let a(u) = -2*u**3 - 5*u**2 - 6*u + 1. Determine a(-2).
9
Let p(d) = d**3 - 8*d**2 - 8*d + 11. Give p(9).
20
Let q(t) = 9*t - 74. Determine q(9).
7
Let a(t) = -t**3 + 7*t**2 - t + 4. What is a(3)?
37
Let w(p) = p**3 - 5*p**2 - 8*p + 3. Determine w(6).
-9
Let p(j) = -2*j**2 - 3*j. Give p(-3).
-9
Let x(q) = 65*q**3 + 5*q**2 - 2. Give x(-1).
-62
Let w(l) = -2*l + 10. Calculate w(4).
2
Let t(b) = -10*b - 115. Give t(-11).
-5
Let i(v) = 10*v**2 + 2*v. Determine i(2).
44
Let f(p) = -6*p**2 + 5*p - 6. What is f(-5)?
-181
Let u(l) = -l**2 - 8*l + 10. What is u(-8)?
10
Let w(s) = s**2 - 10*s + 19. What is w(10)?
19
Let t(o) = -o - 1. Determine t(-8).
7
Let g(v) = 12*v**3 - 2*v**2 + 14*v + 15. Calculate g(-1).
-13
Let n(f) = 2*f**3 - 2*f**2 + 12. Calculate n(0).
12
Let s(f) = -2*f + 7. Calculate s(9).
-11
Let n(l) = -l**3 - 9*l**2 - 5*l + 11. Calculate n(-8).
-13
Let j(a) = -19*a - 6. Give j(-3).
51
Let q(d) = 2*d**2 + 4*d - 13. Give q(1).
-7
Let i(z) = -z**2 - 14*z - 53. Calculate i(-5).
-8
Let y(u) = u**3 - 9*u**2 + 8*u - 2. Give y(8).
-2
Let t(v) = -v**3 - 5*v**2 + 6*v + 5. Determine t(-6).
5
Let i(k) = k**3 + 7*k**2 + 15*k + 25. Calculate i(-5).
0
Let a(y) = y**3 - 8*y**2 + 16*y + 5. What is a(4)?
5
Let m(f) = -2*f**2 + 11*f - 20. Determine m(3).
-5
Let u(t) = t**2 - 20*t - 78. Determine u(22).
-34
Let z(m) = -m**2 - 9*m - 6. Determine z(-10).
-16
Let u(m) = 14*m - 834. Determine u(60).
6
Let o(r) = -6*r - 15. What is o(-4)?
9
Let c(f) = 46*f + 466. Give c(-10).
6
Let d(m) = m**3 - 11*m**2 + 2*m + 9. Determine d(11).
31
Let c(j) = 2*j**3 + j**2 + j - 2. Calculate c(1).
2
Let l(u) = 3*u**2 - 2*u - 7. Give l(-4).
49
Let j(m) = -m**2 - 10*m - 5. Give j(-6).
19
Let i(v) = -15*v**2 - 2*v + 3. Determine i(1).
-14
Let k(p) = 5*p - 2. Give k(1).
3
Let s(z) = z**3 - 10*z**2 + 18*z - 17. What is s(7)?
-38
Let u(s) = -s**2 - s + 3. Determine u(5).
-27
Let u(k) = -k**3 - 7*k**2 - 3*k - 6. Determine u(-7).
15
Let c(p) = -p - 4. Determine c(-8).
4
Let v(s) = s**3 + 2*s**2 - 4*s - 1. Calculate v(-3).
2
Let g(d) = -16*d**2 + d + 2. What is g(2)?
-60
Let v(a) = -6*a - 1. What is v(1)?
-7
Let z(d) = d**2 + 17*d - 21. What is z(-18)?
-3
Let r(y) = y**2 + y - 7. Give r(-6).
23
Let r(y) = 3*y + 10. Determine r(9).
37
Let j(r) = 3*r - 12. Determine j(4).
0
Let d(b) = -16*b**2 - 6*b + 7. Give d(3).
-155
Let n(o) = -3*o**3 + o**2 + 3*o + 4. What is n(-2)?
26
Let g(p) = 26*p - 65. What is g(3)?
13
Let f(w) = -w**2 - 8*w - 2. What is f(-6)?
10
Let n(j) = -34*j**3 - 3*j**2 + 4*j. Give n(1).
-33
Let t(g) = -3*g - 3. Give t(6).
-21
Let o(l) = -3*l - 9. Determine o(-7).
12
Let b(c) = c**3 + 7*c**2 + 10*c - 11. Give b(-4).
-3
Let t(a) = -a**2 - 7*a - 18. Calculate t(-4).
-6
Let h(i) = 2*i**2 + 13*i - 14. Calculate h(2).
20
Let w(g) = -4*g - 80. Give w(-18).
-8
Let g(h) = -h**3 + 14*h - 15. Calculate g(2).
5
Let u(g) = 3*g**2 - 12*g + 7. Determine u(5).
22
Let v(x) = -15*x**2 - 62*x - 3. Calculate v(-4).
5
Let f(c) = -c**3 - 2*c**2 + 4*c + 1. Give f(-2).
-7
Let r(f) = 29*f**3 - f. Give r(1).
28
Let p(f) = -f**2 + 26*f - 99. Give p(21).
6
Let n(z) = -3*z**3 - 4*z**2 - z + 3. Calculate n(-2).
13
Let i(h) = h + 32. Determine i(-29).
3
Let d(p) = p**3 + 7*p**2 + 5*p - 10. Determine d(-6).
-4
Let d(v) = 18*v + 411. What is d(-23)?
-3
Let o(u) = -7*u + 25. What is o(4)?
-3
Let u(t) = -11*t + 105. Calculate u(10).
-5
Let f(p) = -6*p**3 + p**2 + 5*p + 3. Give f(-1).
5
Let q(v) = -3*v - 93. Give q(-28).
-9
Let d(p) = -p**2 + 12*p. Calculate d(12).
0
Let m(w) = w**2 + 9*w + 6. What is m(-9)?
6
Let d(l) = 2*l**3 - 2*l**2 - 5*l + 4. Give d(1).
-1
Let k(n) = -n**2 + 32*n - 282. What is k(16)?
-26
Let o(w) = -6*w**2 + w + 2. What is o(2)?
-20
Let o(y) =